 factors of 73979.
29, 2551
List the prime factors of 1869.
3, 7, 89
What are the prime factors of 27052?
2, 6763
What are the prime factors of 726?
2, 3, 11
List the prime factors of 65824.
2, 11, 17
List the prime factors of 140898.
2, 3, 23, 1021
What are the prime factors of 127126?
2, 17, 3739
List the prime factors of 45821.
45821
List the prime factors of 29263.
13, 2251
List the prime factors of 25278.
2, 3, 11, 383
What are the prime factors of 7391?
19, 389
What are the prime factors of 7978?
2, 3989
List the prime factors of 1666.
2, 7, 17
List the prime factors of 11185.
5, 2237
List the prime factors of 13526.
2, 6763
List the prime factors of 3321.
3, 41
What are the prime factors of 1379?
7, 197
What are the prime factors of 3124?
2, 11, 71
What are the prime factors of 17117?
17117
What are the prime factors of 1557?
3, 173
List the prime factors of 32174.
2, 16087
What are the prime factors of 10741?
23, 467
List the prime factors of 16.
2
What are the prime factors of 595?
5, 7, 17
What are the prime factors of 315?
3, 5, 7
What are the prime factors of 6896?
2, 431
What are the prime factors of 2417?
2417
What are the prime factors of 19773?
3, 13
What are the prime factors of 1133?
11, 103
What are the prime factors of 695?
5, 139
List the prime factors of 3402.
2, 3, 7
List the prime factors of 39993.
3, 13331
What are the prime factors of 4432?
2, 277
What are the prime factors of 154809?
3, 103, 167
List the prime factors of 169344.
2, 3, 7
What are the prime factors of 320?
2, 5
What are the prime factors of 7798?
2, 7, 557
What are the prime factors of 10247?
10247
What are the prime factors of 776?
2, 97
List the prime factors of 1334.
2, 23, 29
List the prime factors of 908.
2, 227
What are the prime factors of 19012?
2, 7, 97
What are the prime factors of 2130?
2, 3, 5, 71
List the prime factors of 838.
2, 419
What are the prime factors of 130829?
130829
What are the prime factors of 82874?
2, 11, 3767
List the prime factors of 29471.
13, 2267
List the prime factors of 5313.
3, 7, 11, 23
What are the prime factors of 3754?
2, 1877
List the prime factors of 164453.
47, 3499
What are the prime factors of 13061?
37, 353
List the prime factors of 45255.
3, 5, 7, 431
List the prime factors of 204.
2, 3, 17
What are the prime factors of 86098?
2, 43049
List the prime factors of 2649.
3, 883
List the prime factors of 51297.
3, 17099
List the prime factors of 140828.
2, 17, 19, 109
List the prime factors of 22488.
2, 3, 937
List the prime factors of 770.
2, 5, 7, 11
List the prime factors of 36916.
2, 11, 839
List the prime factors of 55.
5, 11
What are the prime factors of 5555?
5, 11, 101
What are the prime factors of 2191?
7, 313
List the prime factors of 114662.
2, 57331
List the prime factors of 3299.
3299
List the prime factors of 172.
2, 43
What are the prime factors of 4875?
3, 5, 13
List the prime factors of 1429.
1429
List the prime factors of 12256.
2, 383
What are the prime factors of 3317?
31, 107
List the prime factors of 68078.
2, 34039
List the prime factors of 1037.
17, 61
What are the prime factors of 774?
2, 3, 43
What are the prime factors of 1066?
2, 13, 41
What are the prime factors of 4266?
2, 3, 79
List the prime factors of 142.
2, 71
What are the prime factors of 85866?
2, 3, 11, 1301
List the prime factors of 439.
439
What are the prime factors of 1891?
31, 61
List the prime factors of 15757.
7, 2251
What are the prime factors of 90?
2, 3, 5
List the prime factors of 1671.
3, 557
What are the prime factors of 25?
5
What are the prime factors of 11846?
2, 5923
What are the prime factors of 4452?
2, 3, 7, 53
List the prime factors of 67958.
2, 11, 3089
What are the prime factors of 45194?
2, 59, 383
What are the prime factors of 32406?
2, 3, 11, 491
What are the prime factors of 327?
3, 109
What are the prime factors of 20009?
11, 17, 107
What are the prime factors of 2078?
2, 1039
What are the prime factors of 606?
2, 3, 101
List the prime factors of 1631.
7, 233
What are the prime factors of 618?
2, 3, 103
List the prime factors of 3129.
3, 7, 149
List the prime factors of 7829.
7829
What are the prime factors of 9456?
2, 3, 197
List the prime factors of 25553.
11, 23, 101
What are the prime factors of 1576?
2, 197
List the prime factors of 17341.
17341
List the prime factors of 631.
631
What are the prime factors of 12921?
3, 59, 73
List the prime factors of 337.
337
What are the prime factors of 992?
2, 31
What are the prime factors of 1267?
7, 181
What are the prime factors of 1019?
1019
What are the prime factors of 116180?
2, 5, 37, 157
What are the prime factors of 2806?
2, 23, 61
What are the prime factors of 11708?
2, 2927
What are the prime factors of 235?
5, 47
What are the prime factors of 2007?
3, 223
List the prime factors of 26295.
3, 5, 1753
List the prime factors of 1772.
2, 443
What are the prime factors of 1940?
2, 5, 97
What are the prime factors of 2104?
2, 263
What are the prime factors of 25420?
2, 5, 31, 41
List the prime factors of 8010.
2, 3, 5, 89
What are the prime factors of 5985?
3, 5, 7, 19
What are the prime factors of 2385?
3, 5, 53
What are the prime factors of 14614?
2, 7307
List the prime factors of 15349.
15349
What are the prime factors of 5458?
2, 2729
List the prime factors of 403.
13, 31
List the prime factors of 3163.
3163
List the prime factors of 16234.
2, 8117
What are the prime factors of 1345?
5, 269
What are the prime factors of 51728?
2, 53, 61
What are the prime factors of 49366?
2, 24683
List the prime factors of 23887.
23887
List the prime factors of 60272.
2, 3767
List the prime factors of 229.
229
List the prime factors of 5624.
2, 19, 37
What are the prime factors of 754?
2, 13, 29
What are the prime factors of 2226?
2, 3, 7, 53
List the prime factors of 257.
257
List the prime factors of 144049.
23, 6263
List the prime factors of 83269.
83269
What are the prime factors of 1674?
2, 3, 31
List the prime factors of 301.
7, 43
List the prime factors of 6566.
2, 7, 67
What are the prime factors of 303?
3, 101
List the prime factors of 94066.
2, 7, 6719
List the prime factors of 14091.
3, 7, 11, 61
List the prime factors of 35156.
2, 11, 17, 47
What are the prime factors of 732?
2, 3, 61
List the prime factors of 10257.
3, 13, 263
What are the prime factors of 32736?
2, 3, 11, 31
List the prime factors of 11825.
5, 11, 43
List the prime factors of 1056.
2, 3, 11
List the prime factors of 17867.
17, 1051
List the prime factors of 12501.
3, 463
What are the prime factors of 9568?
2, 13, 23
List the prime factors of 33531.
3, 11177
What are the prime factors of 8372?
2, 7, 13, 23
List the prime factors of 119959.
7, 17137
List the prime factors of 5661.
3, 17, 37
What are the prime factors of 2363?
17, 139
List the prime factors of 6299.
6299
List the prime factors of 16410.
2, 3, 5, 547
List the prime factors of 990.
2, 3, 5, 11
List the prime factors of 37305.
3, 5, 829
List the prime factors of 1020.
2, 3, 5, 17
What are the prime factors of 5378?
2, 2689
What are the prime factors of 77545?
5, 13, 1193
What are the prime factors of 114552?
2, 3, 37, 43
What are the prime factors of 2718?
2, 3, 151
List the prime factors of 3899.
7, 557
List the prime factors of 1164.
2, 3, 97
List the prime factors of 5837.
13, 449
What are the prime factors of 3162?
2, 3, 17, 31
What are the prime factors of 16226?
2, 7, 19, 61
What are the prime factors of 84723?
3, 31, 911
List the prime factors of 45072.
2, 3, 313
List the prime factors of 141.
3, 47
What are the prime factors of 541?
541
What are the prime factors of 27448?
2, 47, 73
List the prime factors of 32488.
2, 31, 131
List the prime factors of 2339.
2339
List the prime factors of 3015.
3, 5, 67
What are the prime factors of 798?
2, 3, 7, 19
What are the prime factors of 21872?
2, 1367
List the prime factors of 5013.
3, 557
What are the prime factors of 640?
2, 5
What are the prime factors of 299?
13, 23
List the prime factors of 13942.
2, 6971
List the prime factors of 94476.
2, 3, 7873
List the prime factors of 2677.
2677
What are the prime factors of 299?
13, 23
What are the prime factors of 83895?
3, 5, 7, 17, 47
What are the prime factors of 2645?
5, 23
List the prime factors of 111.
3, 37
Wha